z. What is the tens digit of z?
2
Suppose 1264*b - 20725 = 1259*b. What is the hundreds digit of b?
1
Let r(w) = -w**2 + 8*w - 1. Let l be (-18)/4 + (-3)/(-2). Let z(q) = -q**2 - 6*q - 5. Let c be z(l). What is the units digit of r(c)?
5
Let h(j) = -j**3 + 5*j**2 + j + 10. Let y be h(6). Suppose -n = n - 136. Let f = y + n. What is the tens digit of f?
4
Let g(d) = -d**2 - 6*d + 2. Let b be g(-6). Suppose -l = -11 + b. Suppose 2*m + m - l = 0. What is the units digit of m?
3
Suppose 218*g - 240*g + 42152 = 0. What is the tens digit of g?
1
Let o(s) = 96*s**2 + 248*s + 18. What is the thousands digit of o(-9)?
5
Suppose 5*m - 26 = 24. Let r(i) = 9*i + 11. Let b be r(m). Suppose 4*x - b = -0*x + 5*c, -5 = 5*c. What is the tens digit of x?
2
Let o(i) = 19*i - 86. What is the units digit of o(9)?
5
Let j(h) = 31*h - 60. What is the units digit of j(12)?
2
Let m = -38 + 21. Let b be (-5)/(-10)*(-2 - 20). Let u = b - m. What is the units digit of u?
6
Suppose 4*o + 2*t = 16, 5*o + 0*o - 14 = -t. Suppose -87 = -2*q + s, s + s = -o*q + 102. What is the units digit of q?
6
Suppose 6*x - 3231 = 231. What is the tens digit of x?
7
Let c(n) be the third derivative of n**5/60 - n**4/24 - 17*n**3/6 + 12*n**2. Let b be c(5). Suppose 0 = -b*i + 22 + 86. What is the tens digit of i?
3
Let j be 45/(-10)*(-1 + 7). What is the tens digit of -5 + (-153)/j - 74/(-6)?
1
Let a = 32 - 28. Suppose 4*l + 12 = a*d, -5*d + 9 = -4*d + 5*l. What is the units digit of (4/(-6))/(d/(-174))?
9
What is the units digit of (-42)/(9*7/(-84))?
6
Let l(q) be the second derivative of -7*q**6/720 + q**5/20 - q**4/4 - 7*q. Let c(u) be the third derivative of l(u). What is the tens digit of c(-3)?
2
Suppose 3*t - 2 = 40. Let z be (-4)/t - 268/(-7). What is the units digit of z - ((-2 - -3) + -1)?
8
What is the hundreds digit of -626*(-16)/12 - (-2)/(-3)?
8
Let q = 78 + -76. What is the tens digit of 5 + -7 + 98 + q?
9
Suppose -p = -6*p + 10. Suppose -5 = j + p*g, 3 = 4*j - 2*g - 7. Let n = j + 12. What is the units digit of n?
3
Let z(k) = -33*k - 4. Let h be z(1). Let w = -22 - h. What is the units digit of w?
5
Let n = 1 - 2. Let z(j) = -32*j - 2. What is the tens digit of z(n)?
3
Let k = 803 - 349. What is the tens digit of k?
5
Let z(m) = -m + 2. Let s be z(7). Let l be 8/(-20) - (-88)/s. Let a = l + 35. What is the units digit of a?
7
Suppose -2*x - 2712 = -5*x - 2*r, -5*x = 5*r - 4525. What is the tens digit of x?
0
Let z be (-1)/(-4) - (-7)/4. Suppose -5*a - 2 = -17, 0 = z*b - a - 285. Suppose 0 = 2*y + 2*y - b. What is the tens digit of y?
3
Suppose -2*m + 12 = m. Suppose s = 4*s. Suppose -2*t + 0*t - 4*a + 32 = s, m*t - 3*a - 75 = 0. What is the units digit of t?
8
Let p be 55*(-3)/(45/6). Let n be 4/p + 6/33. What is the units digit of (n + 4)/(3 - 1)?
2
Let x(i) = -76*i + 2. Let t be x(30). What is the units digit of ((-2)/7 + t/14)*-1?
3
Suppose 2*n = 2*r - 324, 0 = 4*r + 4*n - 567 - 121. What is the hundreds digit of r?
1
Suppose 0 = j - 0*j + 38. Let f = 75 - 12. Let i = j + f. What is the tens digit of i?
2
Let w = 28 - 32. What is the tens digit of (-6)/w*392/21?
2
Let c = -812 + 1256. What is the tens digit of c?
4
Let y(r) = -r**3 + 23*r**2 - 59*r + 4. What is the tens digit of y(20)?
2
Let n = 3 + 283. Suppose 0 = 3*c - 74 - n. What is the hundreds digit of c?
1
Let j(o) = 9*o**2 - 19*o + 62. What is the units digit of j(6)?
2
Suppose 2*d + 0 = -2*u + 30, 73 = 5*d + 3*u. Let l = 21 - d. Suppose 4 = -l*o + 3*o, 5*p = 3*o + 288. What is the units digit of p?
7
Let f(s) = 2 + 3*s**2 - 1 - 4*s**2 - 7*s - 8. Let k be f(-5). Suppose 2*x + 40 = 2*a - 0*x, 2*a - 45 = -k*x. What is the units digit of a?
1
Suppose -4*c + 4550 = 10*c. Suppose -3*g + 4*a + c = -132, -g + a = -151. What is the tens digit of g?
4
What is the tens digit of (1 - -8) + -12 - -894?
9
Let g = 28 - 12. Suppose 12*o = 10*o + g. Suppose -o*n = -13*n + 290. What is the units digit of n?
8
Suppose 9 = -2*n - 9. Let j be 556/6 + 6/n. Suppose -2*s = -8*x + 3*x - 64, 4*s - j = x. What is the units digit of s?
2
Let q(h) = -h**3 + h**2 + h - 1. Let y(r) = -2*r**3 + 10*r**2 + 9*r + 14. Let w(c) = q(c) - y(c). Let x be w(8). What is the tens digit of (-1070)/(-26) + 22/x?
4
Let m be ((-18)/63)/((-1)/7). Let h(w) = -11*w**m - 2*w**2 - 16*w + 9 - w**3 + 5 + 0*w**3. What is the units digit of h(-12)?
2
Let q(s) = -s**2 - 7 + 9*s + 22 + 4*s**2 - 2*s**2. Let n be 4 + -14 + 0 + 0. What is the units digit of q(n)?
5
What is the units digit of 18/5*(4 + (-174)/(-4))?
1
Let c(j) = 2*j. Let w = -27 + 25. Let s be c(w). What is the units digit of s/(-8) - 6/(-4)?
2
What is the tens digit of (61432/112)/(3/18)?
9
Suppose -12 = q - 5*s, -4*q - 27 = -0*s + s. Let h = q + 7. Suppose h*u - 2 = u, 0 = 5*i + 3*u - 64. What is the tens digit of i?
1
Let w = -8 - -8. Suppose 0*j + 3*j = -2*c + 80, w = 2*c - 2*j - 80. What is the tens digit of c?
4
Let x be 5 + (-15)/(-10)*-2. Suppose -83 = l + 4*q, x*q = 2*l + 75 + 111. Let m = -50 - l. What is the units digit of m?
1
Let l = 2 - 4. What is the tens digit of (24/36)/(l/3) + 85?
8
Let g be (-9)/(-6) - ((-30)/4)/(-3). What is the tens digit of 1 + 1 + g - (34 - 159)?
2
Let i = -17 - -18. Let u be (90/25)/(i/5). What is the tens digit of ((-52)/(-5))/(u/45)?
2
Let m(f) = -f + 2. Let n be m(0). Let a(r) = -r**2 - 5*r + 5. Let b be a(n). Let y = b + 40. What is the tens digit of y?
3
Suppose -4*o - 5*a + 60 = 0, -3*a - 7 = -3*o + 11. Suppose o = -m - m. Let i(r) = -10*r - 11. What is the units digit of i(m)?
9
Let z = -19 - -29. Let f be (-1)/2 + 965/z. Suppose -y = y - f. What is the tens digit of y?
4
Suppose -13*c = -22 - 4. Suppose -2*m - 114 = -c*z - 272, 5 = 5*z. What is the tens digit of m?
8
Let f = 4 - -236. Suppose -5*n = f - 590. What is the units digit of n?
0
Suppose -15*y = -16*y - 3*w + 21, -3*y + 33 = -w. What is the tens digit of y?
1
Let m(t) be the first derivative of t**3 - 9*t**2/2 + 5*t + 1. What is the units digit of m(3)?
5
Let h(u) = 46*u + 7. Let m be h(3). Let j = 7 + -3. Suppose -j*f = f - m. What is the tens digit of f?
2
Let s be 2 + 44 - (4 - 1). Suppose 0*v - 2*v - 4*i = 78, -s = v + 4*i. Let g = 83 + v. What is the tens digit of g?
4
Let d be 4/(4/24*-1). Let m = d + 27. Suppose -m*l + 4*l = -4*q + 121, q - 14 = 3*l. What is the tens digit of q?
2
Let m(s) = -2*s**3 - 2*s**2 + 7*s - 8. What is the tens digit of m(-6)?
1
Let k(w) = -61*w - 518. What is the hundreds digit of k(-13)?
2
Suppose 3*m = 4*h - 36 + 4, 4*m = -16. Suppose -82 = -6*u + h*u. What is the tens digit of u?
8
Let z(a) = -a**2 + 7*a - 4. Let v = -8 + 14. Let u be z(v). What is the tens digit of ((-23)/u)/((-5)/10)?
2
Let j = 564 - 376. What is the hundreds digit of j?
1
Let y(p) = 35*p**3 - 2*p**2 + 2*p - 1. Suppose -24*r = -21*r - 3. Let n be y(r). What is the tens digit of n + 0/(1 - -2)?
3
What is the tens digit of (6/(-1))/(-6)*121?
2
Let m = 117 + -72. Suppose 148 = 3*d - 2*s, -4*s - 113 = -3*d + m. What is the units digit of d?
6
Let t(d) = 1567*d - 57. What is the thousands digit of t(1)?
1
Let d(i) = -i + 1. Let a be d(-2). Suppose -297 = -a*q - 4*w, 8*w - 3*w - 300 = -3*q. Suppose 2*u - q = -3*u. What is the units digit of u?
9
Let l(z) = -44*z + 5. Let c(g) = -131*g + 14. Let t(s) = 4*c(s) - 11*l(s). What is the units digit of t(-3)?
1
Suppose 5*a = -5*k + 890, k + a = 3*k - 353. What is the units digit of k?
7
Suppose -2 = -2*t + 4. Suppose r - 3*z + 4 = 1, 3*z = 3*r - t. Suppose -2 = r*u + 5*c - 24, c + 6 = 2*u. What is the units digit of u?
4
Let i = 510 - 326. Suppose g + g + 5*p = i, -5*g - p = -437. Let a = g + -34. What is the units digit of a?
3
Suppose -6*s + s = 4*l - 4368, 4*l = -4*s + 4368. What is the hundreds digit of l?
0
Let z = 102 + -97. Suppose 4*f - f - 237 = 0. Suppose 2*s - d = 137, -2*s = -z*d - 38 - f. What is the units digit of s?
1
Suppose -5*h + 450 = 85. Let t = 9 - 7. Suppose t*a + 64 = 2*i - 0*i, a - h = -2*i. What is the tens digit of i?
3
Let c be (156/7)/(-3*4/(-462)). Suppose 16*l = 5*l + c. What is the units digit of l?
8
Suppose -7269 = -19*m + 3219. What is the units digit of m?
2
Suppose -1544 = -105*y + 103*y. What is the units digit of y?
2
Let b = 2623 + -458. What is the hundreds digit of b?
1
Suppose 0*h + 1475 = 5*h. Suppose 0 = -14